 to base 5
1244443142
Convert -102112102111021 (base 3) to base 12.
-20773ba
What is 101224042 (base 5) in base 9?
701242
-35091 (base 13) to base 3
-11220202200
What is 21112210001 (base 3) in base 16?
2444b
-11101110100101011 (base 2) to base 10
-122155
1333311213 (base 4) to base 13
154449
What is -100001101011100110011 (base 2) in base 8?
-4153463
What is a0630 (base 13) in base 3?
112120020011
Convert c67 (base 13) to base 9.
2807
What is 20442100 (base 5) in base 2?
101001111000000101
What is 2910d (base 16) in base 12?
81411
What is -44223133 (base 5) in base 12?
-16571a
What is 10001101111111100000 (base 2) in base 3?
1002112210202
Convert 5531527 (base 8) to base 16.
16b357
Convert -ab791 (base 13) to base 12.
-130032
Convert 10100111001100111101 (base 2) to base 7.
5551452
Convert -85d0 (base 15) to base 10.
-28320
-110110000100000 (base 2) to base 6
-332052
Convert 3164046 (base 7) to base 15.
79396
-53040 (base 14) to base 10
-200368
Convert 38095 (base 14) to base 7.
1111245
Convert -77267400 (base 8) to base 15.
-16d12d4
1dae6 (base 16) to base 6
2334502
151bbc (base 15) to base 2
11111000101010011111
What is 513342 (base 6) in base 8?
117776
What is -10421020 (base 5) in base 6?
-1545550
What is -11100011100001010 (base 2) in base 3?
-12220210110
Convert 575b0c (base 13) to base 11.
1193725
42023651 (base 7) to base 10
3535631
b316a (base 15) to base 9
1054201
What is -1712665 (base 8) in base 15?
-9c437
12033434 (base 5) to base 14
2ca1a
5675220 (base 9) to base 11
1800a66
Convert -102202221220112 (base 3) to base 6.
-342050022
Convert -20203231 (base 4) to base 16.
-88ed
What is 197996 (base 10) in base 8?
602554
What is -340420420 (base 5) in base 15?
-1e8dc5
3465046 (base 7) to base 4
1222201222
-10606 (base 11) to base 4
-3300031
Convert -2221202000 (base 3) to base 15.
-12356
-2ccc9 (base 14) to base 3
-12201000212
Convert -350942 (base 10) to base 3.
-122211101212
What is -4600522 (base 7) in base 6?
-20130431
Convert -200301233033 (base 4) to base 12.
-2a644bb
Convert a82ab (base 12) to base 16.
361a3
Convert 450b5 (base 14) to base 7.
1265315
Convert 103031123 (base 4) to base 16.
1335b
Convert 63744 (base 11) to base 2.
10110101000111110
144042043 (base 5) to base 11
485344
a89504a (base 11) to base 3
1100000112120100
-651527 (base 8) to base 4
-311031113
What is -5767606 (base 8) in base 6?
-53342130
Convert -473442 (base 13) to base 4.
-12131030010
Convert -35012141 (base 6) to base 4.
-10012122331
147146 (base 9) to base 5
10344034
-23341120 (base 7) to base 6
-112055104
Convert 2334535 (base 8) to base 16.
9b95d
2232124 (base 10) to base 11
1295034
Convert 13b73d5 (base 14) to base 15.
c9527c
142834 (base 9) to base 3
11102221011
Convert -66154 (base 15) to base 12.
-137814
-21233103 (base 4) to base 10
-39891
What is -210041 (base 7) in base 11?
-25098
Convert 2150670 (base 10) to base 4.
20031010032
-b4ae4 (base 16) to base 14
-1539c0
-214306 (base 11) to base 15
-6b6e1
-180803 (base 10) to base 13
-643ac
a9d37 (base 15) to base 10
539602
Convert -282cb (base 13) to base 3.
-10211011022
Convert -1001100001111111 (base 2) to base 15.
-b879
What is 1210145 (base 8) in base 7?
2551400
What is 438a76 (base 12) in base 13?
2b7460
What is 236423 (base 7) in base 9?
65085
What is 64214 (base 14) in base 5?
30220012
Convert -351744 (base 9) to base 15.
-4290d
Convert -1b9c112 (base 13) to base 4.
-203010302011
Convert -12c2c (base 16) to base 3.
-10220102002
Convert -194a85 (base 12) to base 2.
-1101100011000000101
17628 (base 11) to base 13
b331
Convert -11010000101011101100 (base 2) to base 12.
-3527a4
What is -227064 (base 8) in base 7?
-441360
421387 (base 10) to base 15
84cc7
6639354 (base 10) to base 2
11001010100111011111010
-134434401 (base 5) to base 13
-1b7988
-312e84 (base 15) to base 9
-4354167
What is 2747602 (base 9) in base 8?
5601334
-784733 (base 9) to base 16
-72960
Convert -411555 (base 6) to base 15.
-9adb
What is 260948 (base 10) in base 15?
524b8
What is 59bc0b (base 14) in base 11?
1805656
Convert -3016521 (base 8) to base 6.
-25003345
Convert 96a20 (base 15) to base 2.
1110100101111001011
Convert 25219 (base 16) to base 10.
152089
Convert 31439 (base 12) to base 14.
19753
What is 117706 (base 12) in base 13?
9b886
Convert -94941 (base 10) to base 4.
-113023131
Convert 262541 (base 8) to base 10.
91489
Convert 1893030 (base 11) to base 5.
1304231024
-a43a6 (base 16) to base 3
-1021011202000
Convert -a69059 (base 11) to base 16.
-1a193f
Convert -1000000101001001110101 (base 2) to base 3.
-10222121201010
-2140111 (base 6) to base 5
-11400230
What is 251377 (base 9) in base 13?
54211
-11717157 (base 8) to base 15
-3644c8
-20232333311 (base 4) to base 9
-4268728
What is 1627773 (base 9) in base 11?
5686a8
What is 1b27818 (base 13) in base 2?
100010010001100101001010
Convert 225720 (base 10) to base 2.
110111000110111000
Convert 589d5 (base 14) to base 4.
310232233
What is 312022100 (base 5) in base 9?
2364565
What is -2020100222 (base 3) in base 6?
-535425
Convert 26102001 (base 7) to base 4.
21002232222
Convert 87764 (base 12) to base 9.
302564
-946393 (base 16) to base 8
-45061623
126ea9 (base 16) to base 4
10212322221
Convert -21026101 (base 8) to base 4.
-101002301001
What is -101021022 (base 3) in base 8?
-16477
What is 20175141 (base 8) in base 15?
591b36
10022111211 (base 3) to base 16
fee6
Convert 39b3a0 (base 15) to base 16.
2a4af4
What is -105535225 (base 6) in base 14?
-38d1bb
Convert -68726 (base 9) to base 13.
-17ac3
43ed5 (base 16) to base 11
180046
Convert 23672704 (base 8) to base 4.
103313113010
-111011102100211 (base 3) to base 10
-6995749
Convert -898551 (base 11) to base 15.
-1d4226
22020021020 (base 3) to base 7
1243254
What is 1212000210 (base 3) in base 14?
d411
5c6b8a (base 15) to base 7
52426243
-10002131 (base 4) to base 2
-100000010011101
Convert -11101001001100010 (base 2) to base 11.
-81780
What is 3200578 (base 9) in base 4?
12202030001
Convert -13460360 (base 7) to base 12.
-508235
-101011000010001111100 (base 2) to base 10
-1410172
-100110100001010010 (base 2) to base 7
-1224665
What is 263a0e (base 15) in base 12?
745a35
-202223323131 (base 4) to base 13
-1b64995
Convert 131001 (base 13) to base 3.
212022212110
Convert -4551a3 (base 13) to base 6.
-55045104
Convert 1504804 (base 9) to base 8.
3125456
-33023330 (base 4) to base 6
-1155552
What is -169849 (base 11) in base 16?
-3ff09
2541300 (base 7) to base 11
20555a
What is 43109 (base 11) in base 14?
18bb9
Convert -6936 (base 10) to base 14.
-2756
What is 19215a4 (base 11) in base 10?
3252352
What is 102011201110 (base 3) in base 10?
219954
Convert abc910 (base 13) to base 9.
7560364
1b0d16d (base 14) to base 4
303123121131
Convert -2725 (base 12) to base 8.
-10615
What is 151614 (base 7) in base 2?
111001100010100
10a9a2 (base 11) to base 13
61baa
What is 101000000100110010 (base 2) in base 8?
500462
Convert 14242410 (base 6) to base 7.
4101246
-3681863 (base 9) to base 12
-806a63
10111000110111111 (base 2) to base 11
65130
Convert -3c213 (base 13) to base 5.
-12044101
Convert -36183 (base 10) to base 2.
-1000110101010111
Convert -d0a61 (base 16) to base 7.
-10156422
108669 (base 10) to base 11
74710
Convert 49507 (base 15) to base 10.
234007
Convert -11a2b2 (base 14) to base 10.
-604228
What is 143250115 (base 6) in base 11?
1742a49
29864 (base 12) to base 9
87814
What is -20002101011 (base 3) in base 11?
-82037
Convert 234122241 (base 5) to base 7.
12126625
Convert -40421123 (base 5) to base 12.
-138a91
What is -1201030202 (base 4) in base 12?
-172482
Convert -136a872 (base 12) to base 6.
-215021422
2e6096 (base 16) to base 15
400857
Convert -2605554 (base 7) to base 8.
-1224333
What is 21021211220 (base 3) in base 15?
2c7bc
-200697 (base 11) to base 14
-8598a
Convert 6223786 (base 10) to base 5.
3043130121
-b5770 (base 13) to base 14
-86d66
-306d3c (base 14) to base 9
-3057371
What is -34fda8 (base 16) in base 10?
-3472808
What is -42022623 (base 7) in base 4?
-31133012211
-7a1677 (base 16) to base 11
-4575417
What is -1110001001010100101 (base 2) in base 5?
-104313100
What is 2411202 (base 9) in base 5?
313302112
-21220121002 (base 3) to base 5
-14440321
What is 21212223 (base 5) in base 11?
112595
Convert 14